{"version":"1.0","provider_name":"Thierry Ollagnier \/ Sculpteur","provider_url":"https:\/\/ollagnier.art\/it\/","title":"\"Exposition d'hiver\" - Thierry Ollagnier \/ Sculpteur","type":"rich","width":600,"height":338,"html":"<blockquote class=\"wp-embedded-content\" data-secret=\"kvQA9JEqNa\"><a href=\"https:\/\/ollagnier.art\/it\/notizie\/exposition-dhiver\/\">&#8220;Exposition d&#8217;hiver&#8221;<\/a><\/blockquote><iframe sandbox=\"allow-scripts\" security=\"restricted\" src=\"https:\/\/ollagnier.art\/it\/notizie\/exposition-dhiver\/embed\/#?secret=kvQA9JEqNa\" width=\"600\" height=\"338\" title=\"&#8220;&#8220;Exposition d&#8217;hiver&#8221;&#8221; &#8212; Thierry Ollagnier \/ Sculpteur\" data-secret=\"kvQA9JEqNa\" frameborder=\"0\" marginwidth=\"0\" marginheight=\"0\" scrolling=\"no\" class=\"wp-embedded-content\"><\/iframe><script type=\"text\/javascript\">\n\/* <![CDATA[ *\/\n\/*! This file is auto-generated *\/\n!function(d,l){\"use strict\";l.querySelector&&d.addEventListener&&\"undefined\"!=typeof URL&&(d.wp=d.wp||{},d.wp.receiveEmbedMessage||(d.wp.receiveEmbedMessage=function(e){var t=e.data;if((t||t.secret||t.message||t.value)&&!\/[^a-zA-Z0-9]\/.test(t.secret)){for(var s,r,n,a=l.querySelectorAll('iframe[data-secret=\"'+t.secret+'\"]'),o=l.querySelectorAll('blockquote[data-secret=\"'+t.secret+'\"]'),c=new RegExp(\"^https?:$\",\"i\"),i=0;i<o.length;i++)o[i].style.display=\"none\";for(i=0;i<a.length;i++)s=a[i],e.source===s.contentWindow&&(s.removeAttribute(\"style\"),\"height\"===t.message?(1e3<(r=parseInt(t.value,10))?r=1e3:~~r<200&&(r=200),s.height=r):\"link\"===t.message&&(r=new URL(s.getAttribute(\"src\")),n=new URL(t.value),c.test(n.protocol))&&n.host===r.host&&l.activeElement===s&&(d.top.location.href=t.value))}},d.addEventListener(\"message\",d.wp.receiveEmbedMessage,!1),l.addEventListener(\"DOMContentLoaded\",function(){for(var e,t,s=l.querySelectorAll(\"iframe.wp-embedded-content\"),r=0;r<s.length;r++)(t=(e=s[r]).getAttribute(\"data-secret\"))||(t=Math.random().toString(36).substring(2,12),e.src+=\"#?secret=\"+t,e.setAttribute(\"data-secret\",t)),e.contentWindow.postMessage({message:\"ready\",secret:t},\"*\")},!1)))}(window,document);\n\/* ]]> *\/\n<\/script>\n","thumbnail_url":"https:\/\/ollagnier.art\/wp-content\/uploads\/2024\/12\/Exposition-d-hiver_Photo-Chantal-Ollagnier-768x1024.jpg","thumbnail_width":768,"thumbnail_height":1024,"description":"Dans l\u2019Atelier du Sculpteur les \u0153uvres sont blotties bien au chaud autour du po\u00eale, les derni\u00e8res sculptures en bronze et les monotypes vous attendent. Si vous \u00eates dans les Alpes du sud cet hiver, en Vall\u00e9e de la Clar\u00e9e, n\u2019oubliez pas de passer visiter l\u2019exposition au Jardin du sculpteur de Thierry Ollagnier. Une exposition d'art contemporain au milieu de la nature avec pour th\u00e8me central la fusion des \u00e9l\u00e9ments, le lien entre la Nature et L'Homme. Cette exposition immersive entre les sommets des Alpes et les \u0153uvres en bronze, o\u00f9 les surfaces dialoguent avec le min\u00e9ral des parois rocheuses, nous invite \u00e0 un \u00e9v\u00e8nementiel culturel durant l'hiver 2024 - 2025 . Visitez \u00e9galement les \u0153uvres \u00e0 l'int\u00e9rieur de l'Atelier avec le Sculpteur. Si vous \u00eates dans les Alpes du sud cet hiver, en Vall\u00e9e de la Clar\u00e9e, n\u2019oubliez pas de passer visiter l\u2019exposition au Jardin du sculpteur de Thierry Ollagnier.Une exposition d'art contemporain au milieu de la nature avec pour th\u00e8me central la fusion des \u00e9l\u00e9ments, le lien entre la Nature et L'Homme. Cette exposition immersive entre les sommets des Alpes et les \u0153uvres en bronze, o\u00f9 les surfaces dialoguent avec le min\u00e9ral des parois rocheuses, nous invite \u00e0 un \u00e9v\u00e8nementiel culturel durant l'hiver 2024 - 2025 . Visitez \u00e9galement les \u0153uvres \u00e0 l'int\u00e9rieur de l'Atelier avec le Sculpteur. Exposition pour collectionneurs et pour entreprises, les investisseurs en \u0153uvres d'art, avec la possibilit\u00e9 d'exp\u00e9dition d\u2019\u0153uvres en bronze.Possibilit\u00e9 \u00e9galement d'achat d\u2019\u0153uvres d'art pour le soci\u00e9t\u00e9s ainsi que les professions lib\u00e9rales. Acc\u00e8s \u00e0 un sp\u00e9cialiste du cr\u00e9dit Bail pour le financement des \u0153uvres. Leasing avec option d'achat. Investissement pour entreprises"}

Dans l’Atelier du Sculpteur les œuvres sont blotties bien au chaud autour du poêle, les dernières sculptures en bronze et les monotypes vous attendent. Si vous êtes dans les Alpes du sud cet hiver, en Vallée de la Clarée, n’oubliez pas de passer visiter l’exposition au Jardin du sculpteur de Thierry Ollagnier. Une exposition d'art contemporain au milieu de la nature avec pour thème central la fusion des éléments, le lien entre la Nature et L'Homme. Cette exposition immersive entre les sommets des Alpes et les œuvres en bronze, où les surfaces dialoguent avec le minéral des parois rocheuses, nous invite à un évènementiel culturel durant l'hiver 2024 - 2025 . Visitez également les œuvres à l'intérieur de l'Atelier avec le Sculpteur. Si vous êtes dans les Alpes du sud cet hiver, en Vallée de la Clarée, n’oubliez pas de passer visiter l’exposition au Jardin du sculpteur de Thierry Ollagnier.Une exposition d'art contemporain au milieu de la nature avec pour thème central la fusion des éléments, le lien entre la Nature et L'Homme. Cette exposition immersive entre les sommets des Alpes et les œuvres en bronze, où les surfaces dialoguent avec le minéral des parois rocheuses, nous invite à un évènementiel culturel durant l'hiver 2024 - 2025 . Visitez également les œuvres à l'intérieur de l'Atelier avec le Sculpteur. Exposition pour collectionneurs et pour entreprises, les investisseurs en œuvres d'art, avec la possibilité d'expédition d’œuvres en bronze.Possibilité également d'achat d’œuvres d'art pour le sociétés ainsi que les professions libérales. Accès à un spécialiste du crédit Bail pour le financement des œuvres. Leasing avec option d'achat. Investissement pour entreprises
